 by 12?
9
What is the remainder when 1874423 is divided by 97?
92
What is the remainder when 1365321 is divided by 4100?
21
Calculate the remainder when 457468 is divided by 18642.
10060
What is the remainder when 963884 is divided by 3347?
3295
What is the remainder when 10043293 is divided by 5021644?
5
Calculate the remainder when 8811 is divided by 1688.
371
Calculate the remainder when 7456525 is divided by 11014.
47
Calculate the remainder when 154779 is divided by 10995.
849
Calculate the remainder when 3736317 is divided by 2688.
2685
What is the remainder when 1976976 is divided by 296?
288
Calculate the remainder when 26253893 is divided by 152.
149
What is the remainder when 16270479 is divided by 1479132?
27
Calculate the remainder when 430749580 is divided by 4.
0
Calculate the remainder when 33227618 is divided by 1942.
1940
Calculate the remainder when 646641 is divided by 30.
21
Calculate the remainder when 3255520 is divided by 351.
346
Calculate the remainder when 3662118 is divided by 406.
404
What is the remainder when 6206902 is divided by 115?
7
What is the remainder when 435321 is divided by 148?
53
Calculate the remainder when 271331 is divided by 1543.
1306
What is the remainder when 33717 is divided by 8336?
373
What is the remainder when 130323687 is divided by 2879?
2873
Calculate the remainder when 4213008 is divided by 1404330.
18
What is the remainder when 28272 is divided by 14080?
112
What is the remainder when 51034732 is divided by 18?
16
What is the remainder when 1461740 is divided by 299?
228
What is the remainder when 280719 is divided by 1110?
999
Calculate the remainder when 1472808 is divided by 736398.
12
Calculate the remainder when 41448729 is divided by 111.
108
What is the remainder when 727406 is divided by 1551?
1538
What is the remainder when 25258175 is divided by 45?
35
What is the remainder when 1931954 is divided by 9?
5
Calculate the remainder when 48905610 is divided by 3773.
3757
What is the remainder when 893295 is divided by 223235?
355
Calculate the remainder when 26378714 is divided by 2657.
18
Calculate the remainder when 1175739 is divided by 1175739.
0
Calculate the remainder when 239936101 is divided by 1089.
1087
What is the remainder when 6679182 is divided by 278?
232
Calculate the remainder when 25935 is divided by 8429.
648
What is the remainder when 3279981 is divided by 755?
261
What is the remainder when 84035828 is divided by 41?
14
What is the remainder when 286466 is divided by 13641?
5
What is the remainder when 345559 is divided by 811?
73
What is the remainder when 118353 is divided by 59041?
271
What is the remainder when 146468 is divided by 48120?
2108
What is the remainder when 5902312 is divided by 5764?
5740
Calculate the remainder when 752231 is divided by 249734.
3029
What is the remainder when 228328 is divided by 59?
57
What is the remainder when 502472 is divided by 125615?
12
Calculate the remainder when 473721 is divided by 1606.
1557
Calculate the remainder when 69708819 is divided by 1378.
1311
What is the remainder when 2196069 is divided by 732021?
6
What is the remainder when 4411061 is divided by 407?
402
What is the remainder when 257841 is divided by 31161?
8553
What is the remainder when 56100145 is divided by 607?
598
Calculate the remainder when 1713321 is divided by 1099.
1079
What is the remainder when 9756137 is divided by 460?
457
Calculate the remainder when 6873637 is divided by 22836.
1
What is the remainder when 740251 is divided by 658?
1
What is the remainder when 282492330 is divided by 3604?
3602
Calculate the remainder when 4751 is divided by 1554.
89
Calculate the remainder when 327109 is divided by 46704.
181
Calculate the remainder when 496436 is divided by 164864.
1844
What is the remainder when 3371476 is divided by 44?
20
Calculate the remainder when 189269 is divided by 458.
115
What is the remainder when 43398 is divided by 14112?
1062
Calculate the remainder when 1368049 is divided by 61.
2
What is the remainder when 543144 is divided by 8023?
5603
What is the remainder when 136062404 is divided by 1318?
1310
What is the remainder when 22291788 is divided by 81061?
13
Calculate the remainder when 13142283 is divided by 246.
225
What is the remainder when 5190214 is divided by 15447?
22
Calculate the remainder when 202515 is divided by 887.
279
What is the remainder when 33491058 is divided by 1339?
1329
What is the remainder when 16287471 is divided by 194?
7
What is the remainder when 40776555 is divided by 4731?
66
What is the remainder when 32150 is divided by 6188?
1210
What is the remainder when 82954 is divided by 10822?
7200
What is the remainder when 18998032 is divided by 248?
240
Calculate the remainder when 891799 is divided by 200.
199
Calculate the remainder when 19855191 is divided by 4146.
4143
Calculate the remainder when 2130333 is divided by 133122.
381
What is the remainder when 7953726 is divided by 205?
136
Calculate the remainder when 1206809 is divided by 1779.
647
What is the remainder when 142979 is divided by 7431?
1790
What is the remainder when 242759 is divided by 1003?
33
Calculate the remainder when 48027 is divided by 891.
804
What is the remainder when 51461470 is divided by 11?
5
Calculate the remainder when 78297737 is divided by 13049620.
17
Calculate the remainder when 1137712 is divided by 94805.
52
What is the remainder when 252012 is divided by 360?
12
What is the remainder when 1305928 is divided by 1257?
1162
What is the remainder when 54430401 is divided by 131?
32
Calculate the remainder when 162113 is divided by 53904.
401
Calculate the remainder when 60841320 is divided by 205.
190
Calculate the remainder when 3778627 is divided by 1192.
1179
What is the remainder when 737884 is divided by 1105?
849
What is the remainder when 577077 is divided by 75?
27
Calculate the remainder when 211364 is divided by 211320.
44
Calculate the remainder when 666983 is divided by 578.
549
Calculate the remainder when 60782046 is divided by 86.
84
What is the remainder when 7505669 is divided by 30?
29
Calculate the remainder when 6616618 is divided by 1654145.
38
Calculate the remainder when 2349526 is divided by 2003.
7
Calculate the remainder when 107050 is divided by 876.
178
Calculate the remainder when 124053 is divided by 3414.
1149
What is the remainder when 163658808 is divided by 84?
12
What is the remainder when 40061743 is divided by 69?
67
Calculate the remainder when 211364 is divided by 5561.
46
What is the remainder when 6030962 is divided by 424?
410
Calculate the remainder when 12924360 is divided by 1846337.
1
Calculate the remainder when 1590811 is divided by 443.
441
What is the remainder when 1555539 is divided by 103702?
9
What is the remainder when 117346 is divided by 823?
480
Calculate the remainder when 42458621 is divided by 33.
29
What is the remainder when 18042 is divided by 328?
2
What is the remainder when 4734932160 is divided by 2999?
2996
Calculate the remainder when 439925 is divided by 146639.
8
What is the remainder when 333166 is divided by 14911?
5124
Calculate the remainder when 1602508 is divided by 261.
229
Calculate the remainder when 2033100 is divided by 683.
492
What is the remainder when 3308041 is divided by 525?
16
What is the remainder when 49399547 is divided by 525527?
9
What is the remainder when 29844 is divided by 8318?
4890
What is the remainder when 44840 is divided by 723?
14
What is the remainder when 206749 is divided by 11486?
1
What is the remainder when 2641009 is divided by 85?
59
What is the remainder when 174151 is divided by 12434?
75
What is the remainder when 16331 is divided by 2366?
2135
What is the remainder when 275606 is divided by 30576?
422
Calculate the remainder when 4993146 is divided by 6631.
3
Calculate the remainder when 85085 is divided by 14180.
5
Calculate the remainder when 27733175 is divided by 46532.
103
What is the remainder when 3836304 is divided by 123750?
54
What is the remainder when 267362 is divided by 10895?
5882
What is the remainder when 262652 is divided by 623?
369
Calculate the remainder when 462067 is divided by 714.
109
Calculate the remainder when 3896965 is divided by 2542.
79
Calcu